{"id":445,"date":"2025-01-30T12:48:15","date_gmt":"2025-01-30T12:48:15","guid":{"rendered":"https:\/\/192.214.223.70:8800\/blog-kine\/?page_id=445"},"modified":"2025-03-06T02:04:04","modified_gmt":"2025-03-06T02:04:04","slug":"presentation","status":"publish","type":"page","link":"https:\/\/cryo-ales.fr\/kine\/","title":{"rendered":"Pr\u00e9sentation"},"content":{"rendered":"\t\t<div data-elementor-type=\"wp-page\" data-elementor-id=\"445\" class=\"elementor elementor-445\">\n\t\t\t\t<div class=\"elementor-element elementor-element-779306f e-transform e-flex e-con-boxed e-con e-parent\" data-id=\"779306f\" data-element_type=\"container\" data-settings=\"{&quot;background_background&quot;:&quot;slideshow&quot;,&quot;background_slideshow_gallery&quot;:[{&quot;id&quot;:52,&quot;url&quot;:&quot;https:\\\/\\\/cryo-ales.fr\\\/kine\\\/wp-content\\\/uploads\\\/2025\\\/01\\\/65f1e78cb636ed00146af1ca-65f1ea7bb636ed00146af22d-sd.png&quot;}],&quot;shape_divider_bottom&quot;:&quot;mountains&quot;,&quot;_transform_scale_effect_hover&quot;:{&quot;unit&quot;:&quot;px&quot;,&quot;size&quot;:1,&quot;sizes&quot;:[]},&quot;background_slideshow_loop&quot;:&quot;yes&quot;,&quot;background_slideshow_slide_duration&quot;:5000,&quot;background_slideshow_slide_transition&quot;:&quot;fade&quot;,&quot;background_slideshow_transition_duration&quot;:500,&quot;_transform_scale_effect_hover_tablet&quot;:{&quot;unit&quot;:&quot;px&quot;,&quot;size&quot;:&quot;&quot;,&quot;sizes&quot;:[]},&quot;_transform_scale_effect_hover_mobile&quot;:{&quot;unit&quot;:&quot;px&quot;,&quot;size&quot;:&quot;&quot;,&quot;sizes&quot;:[]}}\">\n\t\t\t\t\t<div class=\"e-con-inner\">\n\t\t\t\t<div class=\"elementor-shape elementor-shape-bottom\" data-negative=\"false\">\n\t\t\t<svg xmlns=\"http:\/\/www.w3.org\/2000\/svg\" viewBox=\"0 0 1000 100\" preserveAspectRatio=\"none\">\n\t<path class=\"elementor-shape-fill\" opacity=\"0.33\" d=\"M473,67.3c-203.9,88.3-263.1-34-320.3,0C66,119.1,0,59.7,0,59.7V0h1000v59.7 c0,0-62.1,26.1-94.9,29.3c-32.8,3.3-62.8-12.3-75.8-22.1C806,49.6,745.3,8.7,694.9,4.7S492.4,59,473,67.3z\"\/>\n\t<path class=\"elementor-shape-fill\" opacity=\"0.66\" d=\"M734,67.3c-45.5,0-77.2-23.2-129.1-39.1c-28.6-8.7-150.3-10.1-254,39.1 s-91.7-34.4-149.2,0C115.7,118.3,0,39.8,0,39.8V0h1000v36.5c0,0-28.2-18.5-92.1-18.5C810.2,18.1,775.7,67.3,734,67.3z\"\/>\n\t<path class=\"elementor-shape-fill\" d=\"M766.1,28.9c-200-57.5-266,65.5-395.1,19.5C242,1.8,242,5.4,184.8,20.6C128,35.8,132.3,44.9,89.9,52.5C28.6,63.7,0,0,0,0 h1000c0,0-9.9,40.9-83.6,48.1S829.6,47,766.1,28.9z\"\/>\n<\/svg>\t\t<\/div>\n\t\t\t\t<div class=\"elementor-element elementor-element-9ad37a6 animated-slow e-transform elementor-invisible elementor-widget elementor-widget-heading\" data-id=\"9ad37a6\" data-element_type=\"widget\" data-settings=\"{&quot;_animation&quot;:&quot;fadeInUp&quot;,&quot;_transform_scale_effect_hover&quot;:{&quot;unit&quot;:&quot;px&quot;,&quot;size&quot;:1.1,&quot;sizes&quot;:[]},&quot;_transform_scale_effect_hover_tablet&quot;:{&quot;unit&quot;:&quot;px&quot;,&quot;size&quot;:&quot;&quot;,&quot;sizes&quot;:[]},&quot;_transform_scale_effect_hover_mobile&quot;:{&quot;unit&quot;:&quot;px&quot;,&quot;size&quot;:&quot;&quot;,&quot;sizes&quot;:[]}}\" data-widget_type=\"heading.default\">\n\t\t\t\t<div class=\"elementor-widget-container\">\n\t\t\t\t\t<h1 class=\"elementor-heading-title elementor-size-default\">Pr\u00e9sentation<\/h1>\t\t\t\t<\/div>\n\t\t\t\t<\/div>\n\t\t\t\t<div class=\"elementor-element elementor-element-54398b7 animated-slow e-transform elementor-invisible elementor-widget elementor-widget-text-editor\" data-id=\"54398b7\" data-element_type=\"widget\" data-settings=\"{&quot;_animation&quot;:&quot;fadeInUp&quot;,&quot;_animation_delay&quot;:300,&quot;_transform_scale_effect_hover&quot;:{&quot;unit&quot;:&quot;px&quot;,&quot;size&quot;:1.1,&quot;sizes&quot;:[]},&quot;_transform_scale_effect_hover_tablet&quot;:{&quot;unit&quot;:&quot;px&quot;,&quot;size&quot;:&quot;&quot;,&quot;sizes&quot;:[]},&quot;_transform_scale_effect_hover_mobile&quot;:{&quot;unit&quot;:&quot;px&quot;,&quot;size&quot;:&quot;&quot;,&quot;sizes&quot;:[]}}\" data-widget_type=\"text-editor.default\">\n\t\t\t\t<div class=\"elementor-widget-container\">\n\t\t\t\t\t\t\t\t\t<p>D\u00e9couvrez notre cabinet, son histoire et ses \u00e9quipements pour vous accompagner au mieux. <\/p>\t\t\t\t\t\t\t\t<\/div>\n\t\t\t\t<\/div>\n\t\t\t\t\t<\/div>\n\t\t\t\t<\/div>\n\t\t<div class=\"elementor-element elementor-element-62ad903 animated-slow e-flex e-con-boxed e-con e-parent\" data-id=\"62ad903\" data-element_type=\"container\" data-settings=\"{&quot;animation&quot;:&quot;none&quot;}\">\n\t\t\t\t\t<div class=\"e-con-inner\">\n\t\t\t\t<div class=\"elementor-element elementor-element-dc78677 animated-slow elementor-invisible elementor-widget elementor-widget-text-editor\" data-id=\"dc78677\" data-element_type=\"widget\" data-settings=\"{&quot;_animation&quot;:&quot;bounceInUp&quot;}\" data-widget_type=\"text-editor.default\">\n\t\t\t\t<div class=\"elementor-widget-container\">\n\t\t\t\t\t\t\t\t\t<p>Situation G\u00e9ographique<\/p>\t\t\t\t\t\t\t\t<\/div>\n\t\t\t\t<\/div>\n\t\t\t\t<div class=\"elementor-element elementor-element-faf476f animated-slow elementor-invisible elementor-widget elementor-widget-google_maps\" data-id=\"faf476f\" data-element_type=\"widget\" data-settings=\"{&quot;_animation&quot;:&quot;fadeIn&quot;}\" data-widget_type=\"google_maps.default\">\n\t\t\t\t<div class=\"elementor-widget-container\">\n\t\t\t\t\t\t\t<div class=\"elementor-custom-embed\">\n\t\t\t<iframe loading=\"lazy\"\n\t\t\t\t\tsrc=\"https:\/\/maps.google.com\/maps?q=Centre%20sport%20sante%20orthoceze%2C%2010%20H%20Vieille%20Route%20de%20Salindres%2C%2030340%20Saint-Privat-des-Vieux&#038;t=m&#038;z=14&#038;output=embed&#038;iwloc=near\"\n\t\t\t\t\ttitle=\"Centre sport sante orthoceze, 10 H Vieille Route de Salindres, 30340 Saint-Privat-des-Vieux\"\n\t\t\t\t\taria-label=\"Centre sport sante orthoceze, 10 H Vieille Route de Salindres, 30340 Saint-Privat-des-Vieux\"\n\t\t\t><\/iframe>\n\t\t<\/div>\n\t\t\t\t\t\t<\/div>\n\t\t\t\t<\/div>\n\t\t\t\t<div class=\"elementor-element elementor-element-2d95296 animated-slow elementor-invisible elementor-widget elementor-widget-text-editor\" data-id=\"2d95296\" data-element_type=\"widget\" data-settings=\"{&quot;_animation&quot;:&quot;fadeInUp&quot;}\" data-widget_type=\"text-editor.default\">\n\t\t\t\t<div class=\"elementor-widget-container\">\n\t\t\t\t\t\t\t\t\t<p><strong>Centre Sport Sant\u00e9 Orthoc\u00e8ze &#8211; 10H Vieille Route de Salindres, 30340 Saint-Privat-des-Vieux<\/strong><\/p>\t\t\t\t\t\t\t\t<\/div>\n\t\t\t\t<\/div>\n\t\t\t\t\t<\/div>\n\t\t\t\t<\/div>\n\t\t<div class=\"elementor-element elementor-element-dcba205 e-flex e-con-boxed e-con e-parent\" data-id=\"dcba205\" data-element_type=\"container\" data-settings=\"{&quot;background_background&quot;:&quot;classic&quot;,&quot;shape_divider_top&quot;:&quot;curve-asymmetrical&quot;,&quot;shape_divider_top_negative&quot;:&quot;yes&quot;}\">\n\t\t\t\t\t<div class=\"e-con-inner\">\n\t\t\t\t<div class=\"elementor-shape elementor-shape-top\" data-negative=\"true\">\n\t\t\t<svg xmlns=\"http:\/\/www.w3.org\/2000\/svg\" viewBox=\"0 0 1000 100\" preserveAspectRatio=\"none\">\n\t<path class=\"elementor-shape-fill\" d=\"M615.2,96.7C240.2,97.8,0,18.9,0,0v100h1000V0C1000,19.2,989.8,96,615.2,96.7z\"\/>\n<\/svg>\t\t<\/div>\n\t\t\t\t<div class=\"elementor-element elementor-element-7cd6020 animated-slow elementor-invisible elementor-widget elementor-widget-text-editor\" data-id=\"7cd6020\" data-element_type=\"widget\" data-settings=\"{&quot;_animation&quot;:&quot;fadeInUp&quot;}\" data-widget_type=\"text-editor.default\">\n\t\t\t\t<div class=\"elementor-widget-container\">\n\t\t\t\t\t\t\t\t\t<p>Pr\u00e9sentation<\/p>\t\t\t\t\t\t\t\t<\/div>\n\t\t\t\t<\/div>\n\t\t\t\t\t<\/div>\n\t\t\t\t<\/div>\n\t\t<div class=\"elementor-element elementor-element-ed7620f e-flex e-con-boxed e-con e-parent\" data-id=\"ed7620f\" data-element_type=\"container\" data-settings=\"{&quot;background_background&quot;:&quot;classic&quot;}\">\n\t\t\t\t\t<div class=\"e-con-inner\">\n\t\t\t\t<div class=\"elementor-element elementor-element-f95a08b animated-slow e-transform e-transform elementor-invisible elementor-widget elementor-widget-image\" data-id=\"f95a08b\" data-element_type=\"widget\" data-settings=\"{&quot;_animation&quot;:&quot;fadeInUp&quot;,&quot;_animation_delay&quot;:750,&quot;_transform_rotateZ_effect_hover&quot;:{&quot;unit&quot;:&quot;px&quot;,&quot;size&quot;:3,&quot;sizes&quot;:[]},&quot;_transform_scale_effect_hover&quot;:{&quot;unit&quot;:&quot;px&quot;,&quot;size&quot;:1.1,&quot;sizes&quot;:[]},&quot;_transform_rotateZ_effect_hover_tablet&quot;:{&quot;unit&quot;:&quot;deg&quot;,&quot;size&quot;:&quot;&quot;,&quot;sizes&quot;:[]},&quot;_transform_rotateZ_effect_hover_mobile&quot;:{&quot;unit&quot;:&quot;deg&quot;,&quot;size&quot;:&quot;&quot;,&quot;sizes&quot;:[]},&quot;_transform_scale_effect_hover_tablet&quot;:{&quot;unit&quot;:&quot;px&quot;,&quot;size&quot;:&quot;&quot;,&quot;sizes&quot;:[]},&quot;_transform_scale_effect_hover_mobile&quot;:{&quot;unit&quot;:&quot;px&quot;,&quot;size&quot;:&quot;&quot;,&quot;sizes&quot;:[]}}\" data-widget_type=\"image.default\">\n\t\t\t\t<div class=\"elementor-widget-container\">\n\t\t\t\t\t\t\t\t\t\t\t\t\t\t\t<img fetchpriority=\"high\" decoding=\"async\" width=\"768\" height=\"768\" src=\"https:\/\/cryo-ales.fr\/kine\/wp-content\/uploads\/2025\/02\/IMG_20240609_214734_888-768x768.webp\" class=\"attachment-medium_large size-medium_large wp-image-634\" alt=\"\" srcset=\"https:\/\/cryo-ales.fr\/kine\/wp-content\/uploads\/2025\/02\/IMG_20240609_214734_888-768x768.webp 768w, https:\/\/cryo-ales.fr\/kine\/wp-content\/uploads\/2025\/02\/IMG_20240609_214734_888-300x300.webp 300w, https:\/\/cryo-ales.fr\/kine\/wp-content\/uploads\/2025\/02\/IMG_20240609_214734_888-1024x1024.webp 1024w, https:\/\/cryo-ales.fr\/kine\/wp-content\/uploads\/2025\/02\/IMG_20240609_214734_888-150x150.webp 150w, https:\/\/cryo-ales.fr\/kine\/wp-content\/uploads\/2025\/02\/IMG_20240609_214734_888.webp 1440w\" sizes=\"(max-width: 768px) 100vw, 768px\" \/>\t\t\t\t\t\t\t\t\t\t\t\t\t\t\t<\/div>\n\t\t\t\t<\/div>\n\t\t\t\t<div class=\"elementor-element elementor-element-0f8eb27 elementor-invisible elementor-widget elementor-widget-text-editor\" data-id=\"0f8eb27\" data-element_type=\"widget\" data-settings=\"{&quot;_animation&quot;:&quot;fadeInUp&quot;}\" data-widget_type=\"text-editor.default\">\n\t\t\t\t<div class=\"elementor-widget-container\">\n\t\t\t\t\t\t\t\t\t<div>Le Cabinet est le fruit d&rsquo;une longue r\u00e9flexion apr\u00e8s 18 ans d&rsquo;exp\u00e9rience professionnelle aupr\u00e8s des \u00e9quipes soignantes \u00e0 l&rsquo;h\u00f4pital et en lib\u00e9ral.<\/div><div>La conception et l&rsquo;agencement des lieux et parties de ce cabinet ont \u00e9t\u00e9 pens\u00e9 par mon \u00e9pouse et moi\u00a0m\u00eame afin de rendre le cabinet pratique par rapport \u00e0 nos\u00a0besoins pour chaque lieu et par rapport \u00e0 nos coll\u00e8gues\u00a0qui travaillent\u00a0avec nous.<\/div><div>Le cabinet se situe dans une zone industrielle et artisanale de Mazac \u00e0 Saint Privat des Vieux.<\/div><div>Il est constitu\u00e9 de 3 entit\u00e9s juridiques diff\u00e9rentes : la kin\u00e9sith\u00e9rapie, l&rsquo;orth\u00e8se, et la cryoth\u00e9rapie.<\/div><div>La surface totale du b\u00e2timent est de 375 m2 r\u00e9partie sur ces 3 entit\u00e9s.<\/div>\t\t\t\t\t\t\t\t<\/div>\n\t\t\t\t<\/div>\n\t\t\t\t\t<\/div>\n\t\t\t\t<\/div>\n\t\t<div class=\"elementor-element elementor-element-7bd7fcf e-flex e-con-boxed e-con e-parent\" data-id=\"7bd7fcf\" data-element_type=\"container\" data-settings=\"{&quot;background_background&quot;:&quot;classic&quot;}\">\n\t\t\t\t\t<div class=\"e-con-inner\">\n\t\t<div class=\"elementor-element elementor-element-a4918ad e-grid e-con-full e-con e-child\" data-id=\"a4918ad\" data-element_type=\"container\">\n\t\t\t\t<div class=\"elementor-element elementor-element-366d53b elementor-invisible elementor-widget elementor-widget-text-editor\" data-id=\"366d53b\" data-element_type=\"widget\" data-settings=\"{&quot;_animation&quot;:&quot;fadeInUp&quot;}\" data-widget_type=\"text-editor.default\">\n\t\t\t\t<div class=\"elementor-widget-container\">\n\t\t\t\t\t\t\t\t\t<div><strong>Kin\u00e9sith\u00e9rapie<\/strong><\/div><div>&#8211; 5 box de r\u00e9\u00e9ducation ( qui servent pour manipulation, massage, orth\u00e8se\u00a0bandage etc..)<\/div><div>&#8211;\u00a0 une salle de r\u00e9\u00e9ducation de la main\u00a0 et\u00a0membre sup\u00e9rieur<\/div><div>&#8211; une salle de r\u00e9athl\u00e9tisation\u00a0de 145m2 avec des \u00e9quipement\u00a0Technogym connect\u00e9 et avec un Brio Circuit\u00a0<\/div><div>&#8211; piste de r\u00e9athl\u00e9tisation ext\u00e9rieure\u00a0de\u00a022 m de longueur<\/div><div>&#8211; une salle de repos<\/div><div>&#8211; des toilettes aux normes PMR\u00a0<\/div><div>&#8211; secr\u00e9tariat<\/div><div>&#8211; salle d&rsquo;attente<\/div><div>&#8211; local technique<\/div>\t\t\t\t\t\t\t\t<\/div>\n\t\t\t\t<\/div>\n\t\t\t\t<div class=\"elementor-element elementor-element-1f18cf5 elementor-invisible elementor-widget elementor-widget-text-editor\" data-id=\"1f18cf5\" data-element_type=\"widget\" data-settings=\"{&quot;_animation&quot;:&quot;fadeInUp&quot;}\" data-widget_type=\"text-editor.default\">\n\t\t\t\t<div class=\"elementor-widget-container\">\n\t\t\t\t\t\t\t\t\t<div><strong>Orth\u00e8se<\/strong><\/div><div>Local avec salle d&rsquo;attente et atelier de fabrication d&rsquo;orth\u00e8ses et attelles sur mesure<\/div><div>\u00a0<\/div><div>\u00a0<\/div><div><strong>Cryoth\u00e9rapie<\/strong><\/div><div>Salle dot\u00e9e de chambre de cryoth\u00e9rapie avec cam\u00e9ra thermique<\/div>\t\t\t\t\t\t\t\t<\/div>\n\t\t\t\t<\/div>\n\t\t\t\t<\/div>\n\t\t\t\t\t<\/div>\n\t\t\t\t<\/div>\n\t\t<div class=\"elementor-element elementor-element-96b41e4 e-flex e-con-boxed e-con e-parent\" data-id=\"96b41e4\" data-element_type=\"container\" data-settings=\"{&quot;background_background&quot;:&quot;classic&quot;,&quot;shape_divider_top&quot;:&quot;curve-asymmetrical&quot;,&quot;shape_divider_top_negative&quot;:&quot;yes&quot;}\">\n\t\t\t\t\t<div class=\"e-con-inner\">\n\t\t\t\t<div class=\"elementor-shape elementor-shape-top\" data-negative=\"true\">\n\t\t\t<svg xmlns=\"http:\/\/www.w3.org\/2000\/svg\" viewBox=\"0 0 1000 100\" preserveAspectRatio=\"none\">\n\t<path class=\"elementor-shape-fill\" d=\"M615.2,96.7C240.2,97.8,0,18.9,0,0v100h1000V0C1000,19.2,989.8,96,615.2,96.7z\"\/>\n<\/svg>\t\t<\/div>\n\t\t\t\t<div class=\"elementor-element elementor-element-193dc22 animated-slow elementor-invisible elementor-widget elementor-widget-text-editor\" data-id=\"193dc22\" data-element_type=\"widget\" data-settings=\"{&quot;_animation&quot;:&quot;fadeInUp&quot;}\" data-widget_type=\"text-editor.default\">\n\t\t\t\t<div class=\"elementor-widget-container\">\n\t\t\t\t\t\t\t\t\t<p>\u00a0<b>\u00c9<\/b>quipements de la kin\u00e9sith\u00e9rapie<\/p>\t\t\t\t\t\t\t\t<\/div>\n\t\t\t\t<\/div>\n\t\t\t\t\t<\/div>\n\t\t\t\t<\/div>\n\t\t<div class=\"elementor-element elementor-element-cd2bfab e-flex e-con-boxed e-con e-parent\" data-id=\"cd2bfab\" data-element_type=\"container\" data-settings=\"{&quot;background_background&quot;:&quot;classic&quot;}\">\n\t\t\t\t\t<div class=\"e-con-inner\">\n\t\t\t\t<div class=\"elementor-element elementor-element-acd81c4 animated-slow elementor-invisible elementor-widget elementor-widget-text-editor\" data-id=\"acd81c4\" data-element_type=\"widget\" data-settings=\"{&quot;_animation&quot;:&quot;fadeInUp&quot;}\" data-widget_type=\"text-editor.default\">\n\t\t\t\t<div class=\"elementor-widget-container\">\n\t\t\t\t\t\t\t\t\t<div>Toutes les salles sont \u00e9quip\u00e9es\u00a0de tables de massage \u00e9lectriques<\/div><div>\u00a0<\/div><div>&#8211; Kinvent et tous ces accessoires connect\u00e9<\/div><div>&#8211; cryoth\u00e9rapie locale<\/div><div>&#8211; Imp\u00e9dancem\u00e9trie<\/div><div>&#8211; Huber Motion Lab LPG\u00a0<\/div><div>&#8211; Huber 360 connect\u00e9\u00a0LPG<\/div><div>&#8211; Cellu M6 connect\u00e9\u00a0LPG<\/div><div>&#8211; Thermoth\u00e9rapie\u00a0Indiba<\/div><div>&#8211; Electrotherapie\u00a0<\/div><div>&#8211; Kmyo\u00a0ELECTROMYOGRAMME Connect\u00e9<\/div><div>&#8211; keiser Appareil de renforcement musculaire par c\u00e2bles \u00e9lastiques<\/div><div>&#8211; halt\u00e8res\u00a0et rack avec\u00a0bancs de musculation.<\/div><div>&#8211; 16 Machines de Technogym derni\u00e8re\u00a0g\u00e9n\u00e9ration\u00a0connect\u00e9s avec biocircuit et application pour chaque patient.<\/div><div>&#8211; logiciel technogym et biocircuit<\/div><div>&#8211; logiciel pour des exercices et vid\u00e9os \u00e0 domicile avec suivi<\/div><div>&#8211; Arthromoteur du genou<\/div><div>&#8211; Arthromoteur du poignet<\/div>\t\t\t\t\t\t\t\t<\/div>\n\t\t\t\t<\/div>\n\t\t\t\t<div class=\"elementor-element elementor-element-9c68f3f animated-slow e-transform e-transform elementor-invisible elementor-widget elementor-widget-image\" data-id=\"9c68f3f\" data-element_type=\"widget\" data-settings=\"{&quot;_animation&quot;:&quot;fadeInUp&quot;,&quot;_animation_delay&quot;:750,&quot;_transform_rotateZ_effect_hover&quot;:{&quot;unit&quot;:&quot;px&quot;,&quot;size&quot;:-3,&quot;sizes&quot;:[]},&quot;_transform_scale_effect_hover&quot;:{&quot;unit&quot;:&quot;px&quot;,&quot;size&quot;:1.1,&quot;sizes&quot;:[]},&quot;_transform_rotateZ_effect_hover_tablet&quot;:{&quot;unit&quot;:&quot;deg&quot;,&quot;size&quot;:&quot;&quot;,&quot;sizes&quot;:[]},&quot;_transform_rotateZ_effect_hover_mobile&quot;:{&quot;unit&quot;:&quot;deg&quot;,&quot;size&quot;:&quot;&quot;,&quot;sizes&quot;:[]},&quot;_transform_scale_effect_hover_tablet&quot;:{&quot;unit&quot;:&quot;px&quot;,&quot;size&quot;:&quot;&quot;,&quot;sizes&quot;:[]},&quot;_transform_scale_effect_hover_mobile&quot;:{&quot;unit&quot;:&quot;px&quot;,&quot;size&quot;:&quot;&quot;,&quot;sizes&quot;:[]}}\" data-widget_type=\"image.default\">\n\t\t\t\t<div class=\"elementor-widget-container\">\n\t\t\t\t\t\t\t\t\t\t\t\t\t\t\t<img decoding=\"async\" width=\"768\" height=\"576\" src=\"https:\/\/cryo-ales.fr\/kine\/wp-content\/uploads\/2025\/02\/FB_IMG_1720253540718-768x576.jpg\" class=\"attachment-medium_large size-medium_large wp-image-631\" alt=\"\" srcset=\"https:\/\/cryo-ales.fr\/kine\/wp-content\/uploads\/2025\/02\/FB_IMG_1720253540718-768x576.jpg 768w, https:\/\/cryo-ales.fr\/kine\/wp-content\/uploads\/2025\/02\/FB_IMG_1720253540718-300x225.jpg 300w, https:\/\/cryo-ales.fr\/kine\/wp-content\/uploads\/2025\/02\/FB_IMG_1720253540718-1024x768.jpg 1024w, https:\/\/cryo-ales.fr\/kine\/wp-content\/uploads\/2025\/02\/FB_IMG_1720253540718.jpg 1080w\" sizes=\"(max-width: 768px) 100vw, 768px\" \/>\t\t\t\t\t\t\t\t\t\t\t\t\t\t\t<\/div>\n\t\t\t\t<\/div>\n\t\t\t\t\t<\/div>\n\t\t\t\t<\/div>\n\t\t<div class=\"elementor-element elementor-element-5b1c081 e-flex e-con-boxed e-con e-parent\" data-id=\"5b1c081\" data-element_type=\"container\" data-settings=\"{&quot;shape_divider_top&quot;:&quot;curve-asymmetrical&quot;}\">\n\t\t\t\t\t<div class=\"e-con-inner\">\n\t\t\t\t<div class=\"elementor-shape elementor-shape-top\" data-negative=\"false\">\n\t\t\t<svg xmlns=\"http:\/\/www.w3.org\/2000\/svg\" viewBox=\"0 0 1000 100\" preserveAspectRatio=\"none\">\n\t<path class=\"elementor-shape-fill\" d=\"M0,0c0,0,0,6,0,6.7c0,18,240.2,93.6,615.2,92.6C989.8,98.5,1000,25,1000,6.7c0-0.7,0-6.7,0-6.7H0z\"\/>\n<\/svg>\t\t<\/div>\n\t\t\t\t\t<\/div>\n\t\t\t\t<\/div>\n\t\t<div class=\"elementor-element elementor-element-fd4f20b e-flex e-con-boxed e-con e-parent\" data-id=\"fd4f20b\" data-element_type=\"container\">\n\t\t\t\t\t<div class=\"e-con-inner\">\n\t\t\t\t\t<\/div>\n\t\t\t\t<\/div>\n\t\t\t\t<\/div>\n\t\t","protected":false},"excerpt":{"rendered":"<p>Pr\u00e9sentation D\u00e9couvrez notre cabinet, son histoire et ses \u00e9quipements pour vous accompagner au mieux. Situation G\u00e9ographique Centre Sport Sant\u00e9 Orthoc\u00e8ze &#8211; 10H Vieille Route de Salindres, 30340 Saint-Privat-des-Vieux Pr\u00e9sentation Le Cabinet est le fruit d&rsquo;une longue r\u00e9flexion apr\u00e8s 18 ans d&rsquo;exp\u00e9rience professionnelle aupr\u00e8s des \u00e9quipes soignantes \u00e0 l&rsquo;h\u00f4pital et en lib\u00e9ral.La conception et l&rsquo;agencement des [&hellip;]<\/p>\n","protected":false},"author":3,"featured_media":0,"parent":0,"menu_order":0,"comment_status":"closed","ping_status":"closed","template":"","meta":{"footnotes":""},"class_list":["post-445","page","type-page","status-publish","hentry"],"_links":{"self":[{"href":"https:\/\/cryo-ales.fr\/kine\/wp-json\/wp\/v2\/pages\/445","targetHints":{"allow":["GET"]}}],"collection":[{"href":"https:\/\/cryo-ales.fr\/kine\/wp-json\/wp\/v2\/pages"}],"about":[{"href":"https:\/\/cryo-ales.fr\/kine\/wp-json\/wp\/v2\/types\/page"}],"author":[{"embeddable":true,"href":"https:\/\/cryo-ales.fr\/kine\/wp-json\/wp\/v2\/users\/3"}],"replies":[{"embeddable":true,"href":"https:\/\/cryo-ales.fr\/kine\/wp-json\/wp\/v2\/comments?post=445"}],"version-history":[{"count":72,"href":"https:\/\/cryo-ales.fr\/kine\/wp-json\/wp\/v2\/pages\/445\/revisions"}],"predecessor-version":[{"id":1175,"href":"https:\/\/cryo-ales.fr\/kine\/wp-json\/wp\/v2\/pages\/445\/revisions\/1175"}],"wp:attachment":[{"href":"https:\/\/cryo-ales.fr\/kine\/wp-json\/wp\/v2\/media?parent=445"}],"curies":[{"name":"wp","href":"https:\/\/api.w.org\/{rel}","templated":true}]}}